{"id":238,"date":"2017-09-07T15:10:36","date_gmt":"2017-09-07T13:10:36","guid":{"rendered":"http:\/\/firman.com.pl\/?page_id=238"},"modified":"2021-08-29T22:02:48","modified_gmt":"2021-08-29T20:02:48","slug":"nagrzewnica-olejowa-firman-f6000-dh","status":"publish","type":"page","link":"http:\/\/firman.com.pl\/index.php\/nagrzewnice-olejowe\/nagrzewnica-olejowa-firman-f6000-dh\/","title":{"rendered":"Nagrzewnica olejowa Firman F6000-DH"},"content":{"rendered":"<table>\n<tbody>\n<tr>\n<td class=\"\" style=\"text-align: left;\" width=\"310\"><img loading=\"lazy\" class=\"aligncenter size-medium wp-image-192\" src=\"http:\/\/firman.com.pl\/wp-content\/uploads\/2017\/09\/Firman-F-6000-1-300x249.jpg\" alt=\"\" width=\"300\" height=\"249\" srcset=\"http:\/\/firman.com.pl\/wp-content\/uploads\/2017\/09\/Firman-F-6000-1-300x249.jpg 300w, http:\/\/firman.com.pl\/wp-content\/uploads\/2017\/09\/Firman-F-6000-1-768x637.jpg 768w, http:\/\/firman.com.pl\/wp-content\/uploads\/2017\/09\/Firman-F-6000-1-1024x849.jpg 1024w, http:\/\/firman.com.pl\/wp-content\/uploads\/2017\/09\/Firman-F-6000-1.jpg 1200w\" sizes=\"(max-width: 300px) 100vw, 300px\" \/><\/td>\n<td><b id=\"NazwaProduktu\">Nagrzewnica olejowa FIRMAN F6000-DH o mocy 55,8 kW<\/b> <strong>z termostatem i z wy\u015bwietlaczem.<\/strong><\/p>\n<p>Przewo\u017ana nagrzewnica olejowa <strong>Firman F6000-DH<\/strong> o mocy 55,8 kW bez odprowadzenia spalin tzw. otwarta komora spalania o bardzo dobrym wyposa\u017ceniu: <strong>posiada diodowy za\u0142\u0105cznik pracy, dioda pracy, regulowany skokowo termostat, wy\u015bwietlacz temp., wska\u017anik paliwa, dwa uchwyty transportowe.<\/strong><\/p>\n<p>Zu\u017cycie paliwa &#8211; <strong>5,2 l\/h<\/strong>, poj. zbiornika paliwa<strong> 48l<\/strong>. D\u0142ugo\u015b\u0107 pracy na zbiorniku bez dzia\u0142ania termostatu &#8211; <strong>15 godz<\/strong>. Nagrzewnica dodatkowo zabezpieczona w \u0142a\u0144cuszek zabezpieczaj\u0105cy na korku wlewu paliwa. Zbiornik posiada korek spustu paliwa. Nagrzewnica ma \u015brub\u0119 regulacji pompy: ci\u015bnienie &#8211; <strong>50 kPa<\/strong>; max. temp. &#8211; <strong>500 st. C<\/strong>, przep\u0142yw powietrza &#8211; <strong>450m3\/h<\/strong>; waga <strong>30 kg<\/strong> (32 kg z opak.).<\/p>\n<p>Nagrzewnice olejowe <strong>Firman<\/strong> s\u0105 znakomicie wyposa\u017cone i maja bardzo ma\u0142\u0105 awaryjno\u015b\u0107 &#8211; s\u0105 o najlepszym stosunku ceny do jako\u015bci.<\/p>\n<p>Urz\u0105dzenie posiada <strong>2 letni\u0105 gwarancj\u0119<\/strong>.<\/td>\n<\/tr>\n<\/tbody>\n<\/table>\n<table>\n<tbody>\n<tr>\n<td colspan=\"4\"><strong>PARAMETRY TECHNICZNE<\/strong><\/td>\n<\/tr>\n<tr>\n<td style=\"text-align: right;\"><strong>Model:<\/strong><\/td>\n<td class=\"\">\n<p style=\"text-align: center;\"><a href=\"http:\/\/firman.com.pl\/index.php\/nagrzewnice-olejowe\/nagrzewnica-olejowa-firman-f2000-dh\/\"><strong><img loading=\"lazy\" class=\"wp-image-153 aligncenter\" src=\"http:\/\/firman.com.pl\/wp-content\/uploads\/2017\/09\/Firman-F-2000-1-300x228.png\" alt=\"\" width=\"150\" height=\"114\" srcset=\"http:\/\/firman.com.pl\/wp-content\/uploads\/2017\/09\/Firman-F-2000-1-300x228.png 300w, http:\/\/firman.com.pl\/wp-content\/uploads\/2017\/09\/Firman-F-2000-1.png 745w\" sizes=\"(max-width: 150px) 100vw, 150px\" \/><\/strong><\/a><\/p>\n<\/td>\n<td class=\"\" style=\"text-align: center;\"><a href=\"http:\/\/firman.com.pl\/index.php\/nagrzewnice-olejowe\/nagrzewnica-olejowa-firman-f3000-dh\/\"><strong><img loading=\"lazy\" class=\"aligncenter wp-image-155\" src=\"http:\/\/firman.com.pl\/wp-content\/uploads\/2017\/09\/Firman-F-3000-1-300x280.png\" alt=\"\" width=\"150\" height=\"140\" srcset=\"http:\/\/firman.com.pl\/wp-content\/uploads\/2017\/09\/Firman-F-3000-1-300x280.png 300w, http:\/\/firman.com.pl\/wp-content\/uploads\/2017\/09\/Firman-F-3000-1-768x717.png 768w, http:\/\/firman.com.pl\/wp-content\/uploads\/2017\/09\/Firman-F-3000-1-270x250.png 270w, http:\/\/firman.com.pl\/wp-content\/uploads\/2017\/09\/Firman-F-3000-1.png 1008w\" sizes=\"(max-width: 150px) 100vw, 150px\" \/> <\/strong><\/a><\/td>\n<td class=\"\" style=\"text-align: center;\"><a href=\"http:\/\/firman.com.pl\/index.php\/nagrzewnice-olejowe\/nagrzewnica-olejowa-firman-f5000-dh\/\"><strong><img loading=\"lazy\" class=\"aligncenter wp-image-156\" src=\"http:\/\/firman.com.pl\/wp-content\/uploads\/2017\/09\/Firman-F-5000-1-300x259.png\" alt=\"\" width=\"150\" height=\"130\" srcset=\"http:\/\/firman.com.pl\/wp-content\/uploads\/2017\/09\/Firman-F-5000-1-300x259.png 300w, http:\/\/firman.com.pl\/wp-content\/uploads\/2017\/09\/Firman-F-5000-1-768x663.png 768w, http:\/\/firman.com.pl\/wp-content\/uploads\/2017\/09\/Firman-F-5000-1-1024x884.png 1024w, http:\/\/firman.com.pl\/wp-content\/uploads\/2017\/09\/Firman-F-5000-1.png 1200w\" sizes=\"(max-width: 150px) 100vw, 150px\" \/><\/strong><\/a><\/td>\n<td class=\"\" style=\"text-align: center;\"><a href=\"http:\/\/firman.com.pl\/index.php\/nagrzewnice-olejowe\/nagrzewnica-olejowa-firman-f6000-dh\/\"><strong><img loading=\"lazy\" class=\"aligncenter wp-image-157\" src=\"http:\/\/firman.com.pl\/wp-content\/uploads\/2017\/09\/Firman-F-6000-1-300x249.png\" alt=\"\" width=\"150\" height=\"124\" srcset=\"http:\/\/firman.com.pl\/wp-content\/uploads\/2017\/09\/Firman-F-6000-1-300x249.png 300w, http:\/\/firman.com.pl\/wp-content\/uploads\/2017\/09\/Firman-F-6000-1-768x637.png 768w, http:\/\/firman.com.pl\/wp-content\/uploads\/2017\/09\/Firman-F-6000-1-1024x849.png 1024w, http:\/\/firman.com.pl\/wp-content\/uploads\/2017\/09\/Firman-F-6000-1.png 1200w\" sizes=\"(max-width: 150px) 100vw, 150px\" \/><\/strong><\/a><\/td>\n<\/tr>\n<tr>\n<td style=\"text-align: right;\"><\/td>\n<td style=\"text-align: center;\">Firman F2000-DH<\/td>\n<td style=\"text-align: center;\">Firman F3000-DH<\/td>\n<td style=\"text-align: center;\">Firman F5000-DH<\/td>\n<td style=\"text-align: center;\"><strong>Firman F6000-DH<\/strong><\/td>\n<\/tr>\n<tr>\n<td style=\"text-align: right;\">Moc:<\/td>\n<td style=\"text-align: center;\">20.3 kW<\/td>\n<td style=\"text-align: center;\">32.1 kW<\/td>\n<td style=\"text-align: center;\">40.5 kW<\/td>\n<td style=\"text-align: center;\"><strong>52.8 kW<\/strong><\/td>\n<\/tr>\n<tr>\n<td style=\"text-align: right;\">Zu\u017cycie paliwa:<\/td>\n<td style=\"text-align: center;\">1.7 l\/h<\/td>\n<td style=\"text-align: center;\">3 l\/h<\/td>\n<td style=\"text-align: center;\">3.8 l\/h<\/td>\n<td style=\"text-align: center;\"><strong>5.2 l\/h<\/strong><\/td>\n<\/tr>\n<tr>\n<td style=\"text-align: right;\">Moc (Btu\/h):<\/td>\n<td style=\"text-align: center;\">70.000<\/td>\n<td style=\"text-align: center;\">110.000<\/td>\n<td style=\"text-align: center;\">138.000<\/td>\n<td style=\"text-align: center;\"><strong>190.000<\/strong><\/td>\n<\/tr>\n<tr>\n<td style=\"text-align: right;\">Termostat\/Wy\u015bwietlacz:<\/td>\n<td style=\"text-align: center;\">tak\/tak<\/td>\n<td style=\"text-align: center;\">tak\/tak<\/td>\n<td style=\"text-align: center;\">tak\/tak<\/td>\n<td style=\"text-align: center;\"><strong>tak\/tak<\/strong><\/td>\n<\/tr>\n<tr>\n<td style=\"text-align: right;\">Zasilanie (V\/Hz):<\/td>\n<td style=\"text-align: center;\">230\/50<\/td>\n<td style=\"text-align: center;\">230\/50<\/td>\n<td style=\"text-align: center;\">230\/50<\/td>\n<td style=\"text-align: center;\"><strong>230\/50<\/strong><\/td>\n<\/tr>\n<tr>\n<td style=\"text-align: right;\">Paliwo (olej):<\/td>\n<td style=\"text-align: center;\">opa\u0142owy, nap\u0119dowy<\/td>\n<td style=\"text-align: center;\">opa\u0142owy, nap\u0119dowy<\/td>\n<td style=\"text-align: center;\">opa\u0142owy, nap\u0119dowy<\/td>\n<td style=\"text-align: center;\"><strong>opa\u0142owy, nap\u0119dowy<\/strong><\/td>\n<\/tr>\n<tr>\n<td style=\"text-align: right;\">Pojemno\u015b\u0107 zbiornika:<\/td>\n<td style=\"text-align: center;\">19.5 l<\/td>\n<td style=\"text-align: center;\">41 l<\/td>\n<td style=\"text-align: center;\">41 l<\/td>\n<td style=\"text-align: center;\"><strong>48 l<\/strong><\/td>\n<\/tr>\n<tr>\n<td style=\"text-align: right;\">Ci\u015bnienie pompy:<\/td>\n<td style=\"text-align: center;\">35 kPa<\/td>\n<td style=\"text-align: center;\">35 kPa<\/td>\n<td style=\"text-align: center;\">40 kPa<\/td>\n<td style=\"text-align: center;\"><strong>50 kPa<\/strong><\/td>\n<\/tr>\n<tr>\n<td style=\"text-align: right;\">Maks. temperatura:<\/td>\n<td style=\"text-align: center;\">320<sup>o<\/sup>C<\/td>\n<td style=\"text-align: center;\">300<sup>o<\/sup>C<\/td>\n<td style=\"text-align: center;\">350<sup>o<\/sup>C<\/td>\n<td style=\"text-align: center;\"><strong>500<sup>o<\/sup>C<\/strong><\/td>\n<\/tr>\n<tr>\n<td style=\"text-align: right;\">Wymiary (mm):<\/td>\n<td style=\"text-align: center;\">835x368x420<\/td>\n<td style=\"text-align: center;\">946x460x513<\/td>\n<td style=\"text-align: center;\">1065x460x513<\/td>\n<td style=\"text-align: center;\"><strong>1065x460x513<\/strong><\/td>\n<\/tr>\n<tr>\n<td style=\"text-align: right;\">Waga:<\/td>\n<td style=\"text-align: center;\">14 kg<\/td>\n<td style=\"text-align: center;\">27 kg<\/td>\n<td style=\"text-align: center;\">29 kg<\/td>\n<td style=\"text-align: center;\"><strong>30 kg<\/strong><\/td>\n<\/tr>\n<tr>\n<td style=\"text-align: center;\" colspan=\"5\">Cena katalogowa:<\/p>\n<p><b id=\"NazwaProduktu\">Nagrzewnice olejow\u0105 FIRMAN F6000-DH<\/b> kupisz w naszej sieci sprzeda\u017cy w Polsce <a href=\"https:\/\/xaram.pl\/dystrybucja-i-serwis\/\"><strong>(<em>kliknij \u2026&gt;&gt;&gt;<\/em>)<\/strong>\u00a0<\/a>lub na\u00a0<a href=\"http:\/\/www.marax.pl\/\" target=\"_blank\" rel=\"noopener\"><strong>www.marax.pl\u00a0<\/strong><\/a><\/td>\n<\/tr>\n<tr>\n<td style=\"text-align: right;\"><\/td>\n<td style=\"text-align: center;\"><\/td>\n<td style=\"text-align: center;\"><\/td>\n<td style=\"text-align: center;\"><\/td>\n<td style=\"text-align: center;\"><\/td>\n<\/tr>\n<tr>\n<td style=\"text-align: right;\"><\/td>\n<td style=\"text-align: center;\"><\/td>\n<td style=\"text-align: center;\"><\/td>\n<td style=\"text-align: center;\"><\/td>\n<td style=\"text-align: center;\"><\/td>\n<\/tr>\n<\/tbody>\n<\/table>\n\n\t\t<style type=\"text\/css\">\n\t\t\t#gallery-1 {\n\t\t\t\tmargin: auto;\n\t\t\t}\n\t\t\t#gallery-1 .gallery-item {\n\t\t\t\tfloat: left;\n\t\t\t\tmargin-top: 10px;\n\t\t\t\ttext-align: center;\n\t\t\t\twidth: 33%;\n\t\t\t}\n\t\t\t#gallery-1 img {\n\t\t\t\tborder: 2px solid #cfcfcf;\n\t\t\t}\n\t\t\t#gallery-1 .gallery-caption {\n\t\t\t\tmargin-left: 0;\n\t\t\t}\n\t\t\t\/* see gallery_shortcode() in wp-includes\/media.php *\/\n\t\t<\/style>\n\t\t<div id='gallery-1' class='gallery galleryid-238 gallery-columns-3 gallery-size-thumbnail'><dl class='gallery-item'>\n\t\t\t<dt class='gallery-icon landscape'>\n\t\t\t\t<a class=\"grouped_elements\" rel=\"tc-fancybox-group\" href=\"http:\/\/firman.com.pl\/wp-content\/uploads\/2017\/09\/Firman-F-6000-1.jpg\" title=\"Firman F 6000-1\"><img width=\"150\" height=\"150\" src=\"http:\/\/firman.com.pl\/wp-content\/uploads\/2017\/09\/Firman-F-6000-1-150x150.jpg\" class=\"attachment-thumbnail size-thumbnail\" alt=\"\" loading=\"lazy\" \/><\/a>\n\t\t\t<\/dt><\/dl><dl class='gallery-item'>\n\t\t\t<dt class='gallery-icon landscape'>\n\t\t\t\t<a class=\"grouped_elements\" rel=\"tc-fancybox-group\" href=\"http:\/\/firman.com.pl\/wp-content\/uploads\/2017\/09\/Firman-F-6000-2.jpg\" title=\"Firman F 6000-2\"><img width=\"150\" height=\"150\" src=\"http:\/\/firman.com.pl\/wp-content\/uploads\/2017\/09\/Firman-F-6000-2-150x150.jpg\" class=\"attachment-thumbnail size-thumbnail\" alt=\"\" loading=\"lazy\" \/><\/a>\n\t\t\t<\/dt><\/dl><dl class='gallery-item'>\n\t\t\t<dt class='gallery-icon landscape'>\n\t\t\t\t<a class=\"grouped_elements\" rel=\"tc-fancybox-group\" href=\"http:\/\/firman.com.pl\/wp-content\/uploads\/2017\/09\/Firman-F-6000-4.jpg\" title=\"Firman F 6000-4\"><img width=\"150\" height=\"150\" src=\"http:\/\/firman.com.pl\/wp-content\/uploads\/2017\/09\/Firman-F-6000-4-150x150.jpg\" class=\"attachment-thumbnail size-thumbnail\" alt=\"\" loading=\"lazy\" \/><\/a>\n\t\t\t<\/dt><\/dl><br style=\"clear: both\" \/><dl class='gallery-item'>\n\t\t\t<dt class='gallery-icon portrait'>\n\t\t\t\t<a class=\"grouped_elements\" rel=\"tc-fancybox-group\" href=\"http:\/\/firman.com.pl\/wp-content\/uploads\/2017\/09\/Firman-F-6000-3.jpg\" title=\"Firman F 6000-3\"><img width=\"150\" height=\"150\" src=\"http:\/\/firman.com.pl\/wp-content\/uploads\/2017\/09\/Firman-F-6000-3-150x150.jpg\" class=\"attachment-thumbnail size-thumbnail\" alt=\"\" loading=\"lazy\" \/><\/a>\n\t\t\t<\/dt><\/dl><dl class='gallery-item'>\n\t\t\t<dt class='gallery-icon portrait'>\n\t\t\t\t<a class=\"grouped_elements\" rel=\"tc-fancybox-group\" href=\"http:\/\/firman.com.pl\/wp-content\/uploads\/2017\/09\/Firman-F-6000-5.jpg\" title=\"Firman F 6000-5\"><img width=\"150\" height=\"150\" src=\"http:\/\/firman.com.pl\/wp-content\/uploads\/2017\/09\/Firman-F-6000-5-150x150.jpg\" class=\"attachment-thumbnail size-thumbnail\" alt=\"\" loading=\"lazy\" \/><\/a>\n\t\t\t<\/dt><\/dl><dl class='gallery-item'>\n\t\t\t<dt class='gallery-icon landscape'>\n\t\t\t\t<a class=\"grouped_elements\" rel=\"tc-fancybox-group\" href=\"http:\/\/firman.com.pl\/wp-content\/uploads\/2017\/09\/Firman-F-6000-6.jpg\" title=\"Firman F 6000-6\"><img width=\"150\" height=\"150\" src=\"http:\/\/firman.com.pl\/wp-content\/uploads\/2017\/09\/Firman-F-6000-6-150x150.jpg\" class=\"attachment-thumbnail size-thumbnail\" alt=\"\" loading=\"lazy\" \/><\/a>\n\t\t\t<\/dt><\/dl><br style=\"clear: both\" \/>\n\t\t<\/div>\n\n","protected":false},"excerpt":{"rendered":"<p>Nagrzewnica olejowa FIRMAN F6000-DH o mocy 55,8 kW z termostatem i z wy\u015bwietlaczem. Przewo\u017ana nagrzewnica olejowa Firman F6000-DH o mocy 55,8 kW bez odprowadzenia spalin tzw. otwarta komora spalania o bardzo dobrym wyposa\u017ceniu: posiada diodowy za\u0142\u0105cznik pracy, dioda pracy, regulowany skokowo termostat, wy\u015bwietlacz temp., wska\u017anik paliwa, dwa uchwyty transportowe. Zu\u017cycie paliwa &#8211; 5,2 l\/h, poj. [&hellip;]<\/p>\n","protected":false},"author":2,"featured_media":0,"parent":32,"menu_order":0,"comment_status":"closed","ping_status":"closed","template":"","meta":[],"yoast_head":"<!-- This site is optimized with the Yoast SEO plugin v17.0 - https:\/\/yoast.com\/wordpress\/plugins\/seo\/ -->\n<title>Nagrzewnica olejowa Firman F6000-DH - FIRMAN - nagrzewnice powietrza i agregaty pr\u0105dotw\u00f3rcze<\/title>\n<meta name=\"robots\" content=\"index, follow, max-snippet:-1, max-image-preview:large, max-video-preview:-1\" \/>\n<link rel=\"canonical\" href=\"http:\/\/firman.com.pl\/index.php\/nagrzewnice-olejowe\/nagrzewnica-olejowa-firman-f6000-dh\/\" \/>\n<meta property=\"og:locale\" content=\"pl_PL\" \/>\n<meta property=\"og:type\" content=\"article\" \/>\n<meta property=\"og:title\" content=\"Nagrzewnica olejowa Firman F6000-DH - FIRMAN - nagrzewnice powietrza i agregaty pr\u0105dotw\u00f3rcze\" \/>\n<meta property=\"og:description\" content=\"Nagrzewnica olejowa FIRMAN F6000-DH o mocy 55,8 kW z termostatem i z wy\u015bwietlaczem. Przewo\u017ana nagrzewnica olejowa Firman F6000-DH o mocy 55,8 kW bez odprowadzenia spalin tzw. otwarta komora spalania o bardzo dobrym wyposa\u017ceniu: posiada diodowy za\u0142\u0105cznik pracy, dioda pracy, regulowany skokowo termostat, wy\u015bwietlacz temp., wska\u017anik paliwa, dwa uchwyty transportowe. Zu\u017cycie paliwa &#8211; 5,2 l\/h, poj. [&hellip;]\" \/>\n<meta property=\"og:url\" content=\"http:\/\/firman.com.pl\/index.php\/nagrzewnice-olejowe\/nagrzewnica-olejowa-firman-f6000-dh\/\" \/>\n<meta property=\"og:site_name\" content=\"FIRMAN - nagrzewnice powietrza i agregaty pr\u0105dotw\u00f3rcze\" \/>\n<meta property=\"article:modified_time\" content=\"2021-08-29T20:02:48+00:00\" \/>\n<meta property=\"og:image\" content=\"http:\/\/firman.com.pl\/wp-content\/uploads\/2017\/09\/Firman-F-6000-1-150x150.jpg\" \/>\n<meta name=\"twitter:card\" content=\"summary\" \/>\n<meta name=\"twitter:label1\" content=\"Szacowany czas czytania\" \/>\n\t<meta name=\"twitter:data1\" content=\"3 minuty\" \/>\n<script type=\"application\/ld+json\" class=\"yoast-schema-graph\">{\"@context\":\"https:\/\/schema.org\",\"@graph\":[{\"@type\":\"WebSite\",\"@id\":\"https:\/\/firman.com.pl\/#website\",\"url\":\"https:\/\/firman.com.pl\/\",\"name\":\"FIRMAN - nagrzewnice powietrza i agregaty pr\\u0105dotw\\u00f3rcze\",\"description\":\"\",\"potentialAction\":[{\"@type\":\"SearchAction\",\"target\":{\"@type\":\"EntryPoint\",\"urlTemplate\":\"https:\/\/firman.com.pl\/?s={search_term_string}\"},\"query-input\":\"required name=search_term_string\"}],\"inLanguage\":\"pl-PL\"},{\"@type\":\"ImageObject\",\"@id\":\"http:\/\/firman.com.pl\/index.php\/nagrzewnice-olejowe\/nagrzewnica-olejowa-firman-f6000-dh\/#primaryimage\",\"inLanguage\":\"pl-PL\",\"url\":\"http:\/\/firman.com.pl\/wp-content\/uploads\/2017\/09\/Firman-F-6000-1.jpg\",\"contentUrl\":\"http:\/\/firman.com.pl\/wp-content\/uploads\/2017\/09\/Firman-F-6000-1.jpg\",\"width\":1200,\"height\":995},{\"@type\":\"WebPage\",\"@id\":\"http:\/\/firman.com.pl\/index.php\/nagrzewnice-olejowe\/nagrzewnica-olejowa-firman-f6000-dh\/#webpage\",\"url\":\"http:\/\/firman.com.pl\/index.php\/nagrzewnice-olejowe\/nagrzewnica-olejowa-firman-f6000-dh\/\",\"name\":\"Nagrzewnica olejowa Firman F6000-DH - FIRMAN - nagrzewnice powietrza i agregaty pr\\u0105dotw\\u00f3rcze\",\"isPartOf\":{\"@id\":\"https:\/\/firman.com.pl\/#website\"},\"primaryImageOfPage\":{\"@id\":\"http:\/\/firman.com.pl\/index.php\/nagrzewnice-olejowe\/nagrzewnica-olejowa-firman-f6000-dh\/#primaryimage\"},\"datePublished\":\"2017-09-07T13:10:36+00:00\",\"dateModified\":\"2021-08-29T20:02:48+00:00\",\"breadcrumb\":{\"@id\":\"http:\/\/firman.com.pl\/index.php\/nagrzewnice-olejowe\/nagrzewnica-olejowa-firman-f6000-dh\/#breadcrumb\"},\"inLanguage\":\"pl-PL\",\"potentialAction\":[{\"@type\":\"ReadAction\",\"target\":[\"http:\/\/firman.com.pl\/index.php\/nagrzewnice-olejowe\/nagrzewnica-olejowa-firman-f6000-dh\/\"]}]},{\"@type\":\"BreadcrumbList\",\"@id\":\"http:\/\/firman.com.pl\/index.php\/nagrzewnice-olejowe\/nagrzewnica-olejowa-firman-f6000-dh\/#breadcrumb\",\"itemListElement\":[{\"@type\":\"ListItem\",\"position\":1,\"name\":\"Strona g\\u0142\\u00f3wna\",\"item\":\"https:\/\/firman.com.pl\/\"},{\"@type\":\"ListItem\",\"position\":2,\"name\":\"NAGRZEWNICE OLEJOWE\",\"item\":\"https:\/\/firman.com.pl\/index.php\/nagrzewnice-olejowe\/\"},{\"@type\":\"ListItem\",\"position\":3,\"name\":\"Nagrzewnica olejowa Firman F6000-DH\"}]}]}<\/script>\n<!-- \/ Yoast SEO plugin. -->","yoast_head_json":{"title":"Nagrzewnica olejowa Firman F6000-DH - FIRMAN - nagrzewnice powietrza i agregaty pr\u0105dotw\u00f3rcze","robots":{"index":"index","follow":"follow","max-snippet":"max-snippet:-1","max-image-preview":"max-image-preview:large","max-video-preview":"max-video-preview:-1"},"canonical":"http:\/\/firman.com.pl\/index.php\/nagrzewnice-olejowe\/nagrzewnica-olejowa-firman-f6000-dh\/","og_locale":"pl_PL","og_type":"article","og_title":"Nagrzewnica olejowa Firman F6000-DH - FIRMAN - nagrzewnice powietrza i agregaty pr\u0105dotw\u00f3rcze","og_description":"Nagrzewnica olejowa FIRMAN F6000-DH o mocy 55,8 kW z termostatem i z wy\u015bwietlaczem. Przewo\u017ana nagrzewnica olejowa Firman F6000-DH o mocy 55,8 kW bez odprowadzenia spalin tzw. otwarta komora spalania o bardzo dobrym wyposa\u017ceniu: posiada diodowy za\u0142\u0105cznik pracy, dioda pracy, regulowany skokowo termostat, wy\u015bwietlacz temp., wska\u017anik paliwa, dwa uchwyty transportowe. Zu\u017cycie paliwa &#8211; 5,2 l\/h, poj. [&hellip;]","og_url":"http:\/\/firman.com.pl\/index.php\/nagrzewnice-olejowe\/nagrzewnica-olejowa-firman-f6000-dh\/","og_site_name":"FIRMAN - nagrzewnice powietrza i agregaty pr\u0105dotw\u00f3rcze","article_modified_time":"2021-08-29T20:02:48+00:00","og_image":[{"url":"http:\/\/firman.com.pl\/wp-content\/uploads\/2017\/09\/Firman-F-6000-1-150x150.jpg"}],"twitter_card":"summary","twitter_misc":{"Szacowany czas czytania":"3 minuty"},"schema":{"@context":"https:\/\/schema.org","@graph":[{"@type":"WebSite","@id":"https:\/\/firman.com.pl\/#website","url":"https:\/\/firman.com.pl\/","name":"FIRMAN - nagrzewnice powietrza i agregaty pr\u0105dotw\u00f3rcze","description":"","potentialAction":[{"@type":"SearchAction","target":{"@type":"EntryPoint","urlTemplate":"https:\/\/firman.com.pl\/?s={search_term_string}"},"query-input":"required name=search_term_string"}],"inLanguage":"pl-PL"},{"@type":"ImageObject","@id":"http:\/\/firman.com.pl\/index.php\/nagrzewnice-olejowe\/nagrzewnica-olejowa-firman-f6000-dh\/#primaryimage","inLanguage":"pl-PL","url":"http:\/\/firman.com.pl\/wp-content\/uploads\/2017\/09\/Firman-F-6000-1.jpg","contentUrl":"http:\/\/firman.com.pl\/wp-content\/uploads\/2017\/09\/Firman-F-6000-1.jpg","width":1200,"height":995},{"@type":"WebPage","@id":"http:\/\/firman.com.pl\/index.php\/nagrzewnice-olejowe\/nagrzewnica-olejowa-firman-f6000-dh\/#webpage","url":"http:\/\/firman.com.pl\/index.php\/nagrzewnice-olejowe\/nagrzewnica-olejowa-firman-f6000-dh\/","name":"Nagrzewnica olejowa Firman F6000-DH - FIRMAN - nagrzewnice powietrza i agregaty pr\u0105dotw\u00f3rcze","isPartOf":{"@id":"https:\/\/firman.com.pl\/#website"},"primaryImageOfPage":{"@id":"http:\/\/firman.com.pl\/index.php\/nagrzewnice-olejowe\/nagrzewnica-olejowa-firman-f6000-dh\/#primaryimage"},"datePublished":"2017-09-07T13:10:36+00:00","dateModified":"2021-08-29T20:02:48+00:00","breadcrumb":{"@id":"http:\/\/firman.com.pl\/index.php\/nagrzewnice-olejowe\/nagrzewnica-olejowa-firman-f6000-dh\/#breadcrumb"},"inLanguage":"pl-PL","potentialAction":[{"@type":"ReadAction","target":["http:\/\/firman.com.pl\/index.php\/nagrzewnice-olejowe\/nagrzewnica-olejowa-firman-f6000-dh\/"]}]},{"@type":"BreadcrumbList","@id":"http:\/\/firman.com.pl\/index.php\/nagrzewnice-olejowe\/nagrzewnica-olejowa-firman-f6000-dh\/#breadcrumb","itemListElement":[{"@type":"ListItem","position":1,"name":"Strona g\u0142\u00f3wna","item":"https:\/\/firman.com.pl\/"},{"@type":"ListItem","position":2,"name":"NAGRZEWNICE OLEJOWE","item":"https:\/\/firman.com.pl\/index.php\/nagrzewnice-olejowe\/"},{"@type":"ListItem","position":3,"name":"Nagrzewnica olejowa Firman F6000-DH"}]}]}},"_links":{"self":[{"href":"http:\/\/firman.com.pl\/index.php\/wp-json\/wp\/v2\/pages\/238"}],"collection":[{"href":"http:\/\/firman.com.pl\/index.php\/wp-json\/wp\/v2\/pages"}],"about":[{"href":"http:\/\/firman.com.pl\/index.php\/wp-json\/wp\/v2\/types\/page"}],"author":[{"embeddable":true,"href":"http:\/\/firman.com.pl\/index.php\/wp-json\/wp\/v2\/users\/2"}],"replies":[{"embeddable":true,"href":"http:\/\/firman.com.pl\/index.php\/wp-json\/wp\/v2\/comments?post=238"}],"version-history":[{"count":18,"href":"http:\/\/firman.com.pl\/index.php\/wp-json\/wp\/v2\/pages\/238\/revisions"}],"predecessor-version":[{"id":474,"href":"http:\/\/firman.com.pl\/index.php\/wp-json\/wp\/v2\/pages\/238\/revisions\/474"}],"up":[{"embeddable":true,"href":"http:\/\/firman.com.pl\/index.php\/wp-json\/wp\/v2\/pages\/32"}],"wp:attachment":[{"href":"http:\/\/firman.com.pl\/index.php\/wp-json\/wp\/v2\/media?parent=238"}],"curies":[{"name":"wp","href":"https:\/\/api.w.org\/{rel}","templated":true}]}}