{"id":253,"date":"2017-09-08T14:43:06","date_gmt":"2017-09-08T12:43:06","guid":{"rendered":"http:\/\/firman.com.pl\/?page_id=253"},"modified":"2021-08-29T22:05:58","modified_gmt":"2021-08-29T20:05:58","slug":"przenosny-inwerterowy-agregat-pradotworczy-z-avr-firman-spg1000i","status":"publish","type":"page","link":"http:\/\/firman.com.pl\/index.php\/agregaty-pradotworcze\/przenosny-inwerterowy-agregat-pradotworczy-z-avr-firman-spg1000i\/","title":{"rendered":"Przeno\u015bny inwerterowy agregat pr\u0105dotw\u00f3rczy z AVR FIRMAN SPG1000i"},"content":{"rendered":"<table>\n<tbody>\n<tr>\n<td class=\"\" style=\"text-align: left;\" width=\"310\"><img loading=\"lazy\" class=\"aligncenter size-medium wp-image-243\" src=\"http:\/\/firman.com.pl\/wp-content\/uploads\/2017\/09\/Firman-SPG1000i-1-300x225.png\" alt=\"\" width=\"300\" height=\"225\" srcset=\"http:\/\/firman.com.pl\/wp-content\/uploads\/2017\/09\/Firman-SPG1000i-1-300x225.png 300w, http:\/\/firman.com.pl\/wp-content\/uploads\/2017\/09\/Firman-SPG1000i-1.png 480w\" sizes=\"(max-width: 300px) 100vw, 300px\" \/><\/td>\n<td><strong>Przeno\u015bne inwerterowe agregaty pr\u0105dotw\u00f3rcze FIRMAN z AVR <\/strong>na benzyn\u0119 &#8211; jest to najlepszy wyb\u00f3r je\u015bli chodzi o dostarczanie pr\u0105du w miejsca gdzie ceniona jest cisza.<\/p>\n<p>Przeno\u015bny <strong>agregat inwertorowy pr\u0105dotw\u00f3rczy FIRMAN SPG1000i o mocy 1,0 \/ 0,9 kW z AVR<\/strong> charakteryzuje si\u0119 tym \u017ce jest por\u0119czny i mo\u017cemy go zabra\u0107 wsz\u0119dzie tam gdzie nie mamy dost\u0119pu do pr\u0105du, jego obudowa z r\u0105czk\u0105 i niewielka waga (17,5 kg)\u00a0 pozwala na wygodny transport.<\/p>\n<p><strong>Generator inwerterowy FIRMAN SPG1000i<\/strong> jest doskona\u0142y <strong>do wyjazd\u00f3w za miasto, w domu &#8211; w awaryjnych sytuacjach, w ogrodzie, restauracji.<\/strong><br \/>\n<strong>Cicha praca generatora<\/strong> (zaledwie <strong>59dB<\/strong> &#8211; czyli <strong>por\u00f3wnywalnie do nat\u0119\u017cenia d\u017awi\u0119ku odkurzacza<\/strong>) nie zak\u0142\u00f3ci Twojej pracy, czy czasu wolnego i jednocze\u015bnie mo\u017cesz cieszy\u0107 si\u0119 dost\u0119pem do pr\u0105du. Urz\u0105dzenie jest wyposa\u017cone w <strong>elektroniczny AVR (regulator napi\u0119cia)<\/strong> oraz w funkcj\u0119<strong> ECOTRONIC co oznacza \u017ce agregat automatycznie reguluje obroty w zale\u017cno\u015bci od obci\u0105\u017cenia &#8211; co pozwala zaoszcz\u0119dzi\u0107 paliwo.<\/strong><\/p>\n<p>Urz\u0105dzenie posiada <strong>2 letni okres gwarancyjny<\/strong><\/td>\n<\/tr>\n<\/tbody>\n<\/table>\n<table>\n<tbody>\n<tr>\n<td colspan=\"4\"><strong>PARAMETRY TECHNICZNE<\/strong><\/td>\n<\/tr>\n<tr>\n<td style=\"text-align: right;\"><strong>Model:<\/strong><\/td>\n<td class=\"\" style=\"text-align: center;\"><a href=\"http:\/\/firman.com.pl\/index.php\/agregaty-pradotworcze\/przenosny-inwerterowy-agregat-pradotworczy-z-avr-firman-spg1000i\/\"><img loading=\"lazy\" class=\"aligncenter size-medium wp-image-250\" src=\"http:\/\/firman.com.pl\/wp-content\/uploads\/2017\/09\/firman-spg1000i_4-300x225.png\" alt=\"\" width=\"300\" height=\"225\" srcset=\"http:\/\/firman.com.pl\/wp-content\/uploads\/2017\/09\/firman-spg1000i_4-300x225.png 300w, http:\/\/firman.com.pl\/wp-content\/uploads\/2017\/09\/firman-spg1000i_4.png 480w\" sizes=\"(max-width: 300px) 100vw, 300px\" \/><\/a><strong>Firman SPG1000i<br \/>\n<\/strong><\/td>\n<td class=\"\" style=\"text-align: center;\"><a href=\"http:\/\/firman.com.pl\/index.php\/agregaty-pradotworcze\/przenosny-inwerterowy-agregat-pradotworczy-z-avr-firman-spg-2000i\/\"><strong><img loading=\"lazy\" class=\"aligncenter size-medium wp-image-345\" src=\"http:\/\/firman.com.pl\/wp-content\/uploads\/2017\/09\/Firman-SPG2000-300x252.png\" alt=\"\" width=\"300\" height=\"252\" srcset=\"http:\/\/firman.com.pl\/wp-content\/uploads\/2017\/09\/Firman-SPG2000-300x252.png 300w, http:\/\/firman.com.pl\/wp-content\/uploads\/2017\/09\/Firman-SPG2000-768x644.png 768w, http:\/\/firman.com.pl\/wp-content\/uploads\/2017\/09\/Firman-SPG2000-1024x859.png 1024w, http:\/\/firman.com.pl\/wp-content\/uploads\/2017\/09\/Firman-SPG2000.png 1200w\" sizes=\"(max-width: 300px) 100vw, 300px\" \/><\/strong><\/a>Firman SPG2000i<strong><br \/>\n<\/strong><\/td>\n<\/tr>\n<tr>\n<td style=\"text-align: right;\">Moc:<\/td>\n<td style=\"text-align: center;\"><strong>1\/0.9 kW<\/strong><\/td>\n<td style=\"text-align: center;\">2\/1.6 kW<\/td>\n<\/tr>\n<tr>\n<td style=\"text-align: right;\">Moc (obr\/min):<\/td>\n<td style=\"text-align: center;\"><strong>5000<\/strong><\/td>\n<td style=\"text-align: center;\">4500<\/td>\n<\/tr>\n<tr>\n<td style=\"text-align: right;\">Zasilanie (V\/Hz):<\/td>\n<td style=\"text-align: center;\"><strong>230\/50<\/strong><\/td>\n<td style=\"text-align: center;\">230\/50<\/td>\n<\/tr>\n<tr>\n<td style=\"text-align: right;\">Paliwo:<\/td>\n<td style=\"text-align: center;\"><strong>benzyna bezo\u0142owiowa<\/strong><\/td>\n<td style=\"text-align: center;\">benzyna bezo\u0142owiowa<\/td>\n<\/tr>\n<tr>\n<td style=\"text-align: right;\">Pojemno\u015b\u0107 zbiornika:<\/td>\n<td style=\"text-align: center;\"><strong>2.4 l<\/strong><\/td>\n<td style=\"text-align: center;\">3.4 l<\/td>\n<\/tr>\n<tr>\n<td style=\"text-align: right;\">Nat\u0119\u017cenie d\u017awi\u0119ku (dB):<\/td>\n<td style=\"text-align: center;\"><strong>59<\/strong><\/td>\n<td style=\"text-align: center;\">59<\/td>\n<\/tr>\n<tr>\n<td style=\"text-align: right;\">Wymiary (mm):<\/td>\n<td style=\"text-align: center;\"><strong>520x350x450<\/strong><\/td>\n<td style=\"text-align: center;\">550x380x460<\/td>\n<\/tr>\n<tr>\n<td style=\"text-align: right;\">Waga:<\/td>\n<td style=\"text-align: center;\"><strong>17.5 kg<\/strong><\/td>\n<td style=\"text-align: center;\">27.6 kg<\/td>\n<\/tr>\n<tr>\n<td style=\"text-align: center;\" colspan=\"5\">Cena katalogowa:<\/p>\n<p><strong>Przeno\u015bne inwerterowe agregaty pr\u0105dotw\u00f3rcze FIRMAN z AVR<\/strong> kupisz w naszej sieci sprzeda\u017cy w Polsce <a href=\"https:\/\/xaram.pl\/dystrybucja-i-serwis\/\"><strong>(<em>kliknij \u2026&gt;&gt;&gt;<\/em>)<\/strong>\u00a0<\/a>lub na\u00a0<a href=\"http:\/\/www.marax.pl\/\" target=\"_blank\" rel=\"noopener\"><strong>www.marax.pl\u00a0<\/strong><\/a><\/td>\n<\/tr>\n<tr>\n<td style=\"text-align: right;\"><\/td>\n<td style=\"text-align: center;\"><\/td>\n<td style=\"text-align: center;\"><\/td>\n<\/tr>\n<tr>\n<td style=\"text-align: right;\"><\/td>\n<td style=\"text-align: center;\"><\/td>\n<td style=\"text-align: center;\"><\/td>\n<\/tr>\n<\/tbody>\n<\/table>\n\n\t\t<style type=\"text\/css\">\n\t\t\t#gallery-1 {\n\t\t\t\tmargin: auto;\n\t\t\t}\n\t\t\t#gallery-1 .gallery-item {\n\t\t\t\tfloat: left;\n\t\t\t\tmargin-top: 10px;\n\t\t\t\ttext-align: center;\n\t\t\t\twidth: 33%;\n\t\t\t}\n\t\t\t#gallery-1 img {\n\t\t\t\tborder: 2px solid #cfcfcf;\n\t\t\t}\n\t\t\t#gallery-1 .gallery-caption {\n\t\t\t\tmargin-left: 0;\n\t\t\t}\n\t\t\t\/* see gallery_shortcode() in wp-includes\/media.php *\/\n\t\t<\/style>\n\t\t<div id='gallery-1' class='gallery galleryid-253 gallery-columns-3 gallery-size-thumbnail'><dl class='gallery-item'>\n\t\t\t<dt class='gallery-icon landscape'>\n\t\t\t\t<a class=\"grouped_elements\" rel=\"tc-fancybox-group\" href=\"http:\/\/firman.com.pl\/wp-content\/uploads\/2017\/09\/firman-spg1000i_4.png\" title=\"firman-spg1000i_4\"><img width=\"150\" height=\"150\" src=\"http:\/\/firman.com.pl\/wp-content\/uploads\/2017\/09\/firman-spg1000i_4-150x150.png\" class=\"attachment-thumbnail size-thumbnail\" alt=\"cichy agregat prdotw\u00f3rczy Firman SPG 1000Watt\" loading=\"lazy\" \/><\/a>\n\t\t\t<\/dt><\/dl><dl class='gallery-item'>\n\t\t\t<dt class='gallery-icon landscape'>\n\t\t\t\t<a class=\"grouped_elements\" rel=\"tc-fancybox-group\" href=\"http:\/\/firman.com.pl\/wp-content\/uploads\/2017\/09\/Firman-SPG1000i-1.png\" title=\"Firman-SPG1000i-1\"><img width=\"150\" height=\"150\" src=\"http:\/\/firman.com.pl\/wp-content\/uploads\/2017\/09\/Firman-SPG1000i-1-150x150.png\" class=\"attachment-thumbnail size-thumbnail\" alt=\"\" loading=\"lazy\" \/><\/a>\n\t\t\t<\/dt><\/dl><dl class='gallery-item'>\n\t\t\t<dt class='gallery-icon landscape'>\n\t\t\t\t<a class=\"grouped_elements\" rel=\"tc-fancybox-group\" href=\"http:\/\/firman.com.pl\/wp-content\/uploads\/2017\/09\/Firman-SPG1000i-2.png\" title=\"Firman-SPG1000i-2\"><img width=\"150\" height=\"150\" src=\"http:\/\/firman.com.pl\/wp-content\/uploads\/2017\/09\/Firman-SPG1000i-2-150x150.png\" class=\"attachment-thumbnail size-thumbnail\" alt=\"\" loading=\"lazy\" \/><\/a>\n\t\t\t<\/dt><\/dl><br style=\"clear: both\" \/><dl class='gallery-item'>\n\t\t\t<dt class='gallery-icon landscape'>\n\t\t\t\t<a class=\"grouped_elements\" rel=\"tc-fancybox-group\" href=\"http:\/\/firman.com.pl\/wp-content\/uploads\/2017\/09\/Firman-SPG1000i-3.png\" title=\"Firman-SPG1000i-3\"><img width=\"150\" height=\"150\" src=\"http:\/\/firman.com.pl\/wp-content\/uploads\/2017\/09\/Firman-SPG1000i-3-150x150.png\" class=\"attachment-thumbnail size-thumbnail\" alt=\"\" loading=\"lazy\" \/><\/a>\n\t\t\t<\/dt><\/dl><dl class='gallery-item'>\n\t\t\t<dt class='gallery-icon landscape'>\n\t\t\t\t<a class=\"grouped_elements\" rel=\"tc-fancybox-group\" href=\"http:\/\/firman.com.pl\/wp-content\/uploads\/2017\/09\/Firman-SPG1000i-5.png\" title=\"Firman-SPG1000i-5\"><img width=\"150\" height=\"150\" src=\"http:\/\/firman.com.pl\/wp-content\/uploads\/2017\/09\/Firman-SPG1000i-5-150x150.png\" class=\"attachment-thumbnail size-thumbnail\" alt=\"\" loading=\"lazy\" \/><\/a>\n\t\t\t<\/dt><\/dl><dl class='gallery-item'>\n\t\t\t<dt class='gallery-icon landscape'>\n\t\t\t\t<a class=\"grouped_elements\" rel=\"tc-fancybox-group\" href=\"http:\/\/firman.com.pl\/wp-content\/uploads\/2017\/09\/Firman-SPG1000i-6.png\" title=\"Firman-SPG1000i-6\"><img width=\"150\" height=\"150\" src=\"http:\/\/firman.com.pl\/wp-content\/uploads\/2017\/09\/Firman-SPG1000i-6-150x150.png\" class=\"attachment-thumbnail size-thumbnail\" alt=\"\" loading=\"lazy\" \/><\/a>\n\t\t\t<\/dt><\/dl><br style=\"clear: both\" \/>\n\t\t<\/div>\n\n","protected":false},"excerpt":{"rendered":"<p>Przeno\u015bne inwerterowe agregaty pr\u0105dotw\u00f3rcze FIRMAN z AVR na benzyn\u0119 &#8211; jest to najlepszy wyb\u00f3r je\u015bli chodzi o dostarczanie pr\u0105du w miejsca gdzie ceniona jest cisza. Przeno\u015bny agregat inwertorowy pr\u0105dotw\u00f3rczy FIRMAN SPG1000i o mocy 1,0 \/ 0,9 kW z AVR charakteryzuje si\u0119 tym \u017ce jest por\u0119czny i mo\u017cemy go zabra\u0107 wsz\u0119dzie tam gdzie nie mamy dost\u0119pu [&hellip;]<\/p>\n","protected":false},"author":2,"featured_media":0,"parent":34,"menu_order":0,"comment_status":"closed","ping_status":"closed","template":"","meta":[],"yoast_head":"<!-- This site is optimized with the Yoast SEO plugin v17.0 - https:\/\/yoast.com\/wordpress\/plugins\/seo\/ -->\n<title>Przeno\u015bny inwerterowy agregat pr\u0105dotw\u00f3rczy z AVR FIRMAN SPG1000i - FIRMAN - nagrzewnice powietrza i agregaty pr\u0105dotw\u00f3rcze<\/title>\n<meta name=\"robots\" content=\"index, follow, max-snippet:-1, max-image-preview:large, max-video-preview:-1\" \/>\n<link rel=\"canonical\" href=\"http:\/\/firman.com.pl\/index.php\/agregaty-pradotworcze\/przenosny-inwerterowy-agregat-pradotworczy-z-avr-firman-spg1000i\/\" \/>\n<meta property=\"og:locale\" content=\"pl_PL\" \/>\n<meta property=\"og:type\" content=\"article\" \/>\n<meta property=\"og:title\" content=\"Przeno\u015bny inwerterowy agregat pr\u0105dotw\u00f3rczy z AVR FIRMAN SPG1000i - FIRMAN - nagrzewnice powietrza i agregaty pr\u0105dotw\u00f3rcze\" \/>\n<meta property=\"og:description\" content=\"Przeno\u015bne inwerterowe agregaty pr\u0105dotw\u00f3rcze FIRMAN z AVR na benzyn\u0119 &#8211; jest to najlepszy wyb\u00f3r je\u015bli chodzi o dostarczanie pr\u0105du w miejsca gdzie ceniona jest cisza. Przeno\u015bny agregat inwertorowy pr\u0105dotw\u00f3rczy FIRMAN SPG1000i o mocy 1,0 \/ 0,9 kW z AVR charakteryzuje si\u0119 tym \u017ce jest por\u0119czny i mo\u017cemy go zabra\u0107 wsz\u0119dzie tam gdzie nie mamy dost\u0119pu [&hellip;]\" \/>\n<meta property=\"og:url\" content=\"http:\/\/firman.com.pl\/index.php\/agregaty-pradotworcze\/przenosny-inwerterowy-agregat-pradotworczy-z-avr-firman-spg1000i\/\" \/>\n<meta property=\"og:site_name\" content=\"FIRMAN - nagrzewnice powietrza i agregaty pr\u0105dotw\u00f3rcze\" \/>\n<meta property=\"article:modified_time\" content=\"2021-08-29T20:05:58+00:00\" \/>\n<meta property=\"og:image\" content=\"http:\/\/firman.com.pl\/wp-content\/uploads\/2017\/09\/firman-spg1000i_4-150x150.png\" \/>\n<meta name=\"twitter:card\" content=\"summary\" \/>\n<meta name=\"twitter:label1\" content=\"Szacowany czas czytania\" \/>\n\t<meta name=\"twitter:data1\" content=\"2 minuty\" \/>\n<script type=\"application\/ld+json\" class=\"yoast-schema-graph\">{\"@context\":\"https:\/\/schema.org\",\"@graph\":[{\"@type\":\"WebSite\",\"@id\":\"https:\/\/firman.com.pl\/#website\",\"url\":\"https:\/\/firman.com.pl\/\",\"name\":\"FIRMAN - nagrzewnice powietrza i agregaty pr\\u0105dotw\\u00f3rcze\",\"description\":\"\",\"potentialAction\":[{\"@type\":\"SearchAction\",\"target\":{\"@type\":\"EntryPoint\",\"urlTemplate\":\"https:\/\/firman.com.pl\/?s={search_term_string}\"},\"query-input\":\"required name=search_term_string\"}],\"inLanguage\":\"pl-PL\"},{\"@type\":\"ImageObject\",\"@id\":\"http:\/\/firman.com.pl\/index.php\/agregaty-pradotworcze\/przenosny-inwerterowy-agregat-pradotworczy-z-avr-firman-spg1000i\/#primaryimage\",\"inLanguage\":\"pl-PL\",\"url\":\"http:\/\/firman.com.pl\/wp-content\/uploads\/2017\/09\/Firman-SPG1000i-1.png\",\"contentUrl\":\"http:\/\/firman.com.pl\/wp-content\/uploads\/2017\/09\/Firman-SPG1000i-1.png\",\"width\":480,\"height\":360},{\"@type\":\"WebPage\",\"@id\":\"http:\/\/firman.com.pl\/index.php\/agregaty-pradotworcze\/przenosny-inwerterowy-agregat-pradotworczy-z-avr-firman-spg1000i\/#webpage\",\"url\":\"http:\/\/firman.com.pl\/index.php\/agregaty-pradotworcze\/przenosny-inwerterowy-agregat-pradotworczy-z-avr-firman-spg1000i\/\",\"name\":\"Przeno\\u015bny inwerterowy agregat pr\\u0105dotw\\u00f3rczy z AVR FIRMAN SPG1000i - FIRMAN - nagrzewnice powietrza i agregaty pr\\u0105dotw\\u00f3rcze\",\"isPartOf\":{\"@id\":\"https:\/\/firman.com.pl\/#website\"},\"primaryImageOfPage\":{\"@id\":\"http:\/\/firman.com.pl\/index.php\/agregaty-pradotworcze\/przenosny-inwerterowy-agregat-pradotworczy-z-avr-firman-spg1000i\/#primaryimage\"},\"datePublished\":\"2017-09-08T12:43:06+00:00\",\"dateModified\":\"2021-08-29T20:05:58+00:00\",\"breadcrumb\":{\"@id\":\"http:\/\/firman.com.pl\/index.php\/agregaty-pradotworcze\/przenosny-inwerterowy-agregat-pradotworczy-z-avr-firman-spg1000i\/#breadcrumb\"},\"inLanguage\":\"pl-PL\",\"potentialAction\":[{\"@type\":\"ReadAction\",\"target\":[\"http:\/\/firman.com.pl\/index.php\/agregaty-pradotworcze\/przenosny-inwerterowy-agregat-pradotworczy-z-avr-firman-spg1000i\/\"]}]},{\"@type\":\"BreadcrumbList\",\"@id\":\"http:\/\/firman.com.pl\/index.php\/agregaty-pradotworcze\/przenosny-inwerterowy-agregat-pradotworczy-z-avr-firman-spg1000i\/#breadcrumb\",\"itemListElement\":[{\"@type\":\"ListItem\",\"position\":1,\"name\":\"Strona g\\u0142\\u00f3wna\",\"item\":\"https:\/\/firman.com.pl\/\"},{\"@type\":\"ListItem\",\"position\":2,\"name\":\"Przeno\\u015bne, ciche - tylko 59dB agregaty pr\\u0105dotw\\u00f3rcze Firman SPG 1000i (1kW) i Firman SPG 2000i (2kW)\",\"item\":\"http:\/\/firman.com.pl\/index.php\/agregaty-pradotworcze\/\"},{\"@type\":\"ListItem\",\"position\":3,\"name\":\"Przeno\\u015bny inwerterowy agregat pr\\u0105dotw\\u00f3rczy z AVR FIRMAN SPG1000i\"}]}]}<\/script>\n<!-- \/ Yoast SEO plugin. -->","yoast_head_json":{"title":"Przeno\u015bny inwerterowy agregat pr\u0105dotw\u00f3rczy z AVR FIRMAN SPG1000i - FIRMAN - nagrzewnice powietrza i agregaty pr\u0105dotw\u00f3rcze","robots":{"index":"index","follow":"follow","max-snippet":"max-snippet:-1","max-image-preview":"max-image-preview:large","max-video-preview":"max-video-preview:-1"},"canonical":"http:\/\/firman.com.pl\/index.php\/agregaty-pradotworcze\/przenosny-inwerterowy-agregat-pradotworczy-z-avr-firman-spg1000i\/","og_locale":"pl_PL","og_type":"article","og_title":"Przeno\u015bny inwerterowy agregat pr\u0105dotw\u00f3rczy z AVR FIRMAN SPG1000i - FIRMAN - nagrzewnice powietrza i agregaty pr\u0105dotw\u00f3rcze","og_description":"Przeno\u015bne inwerterowe agregaty pr\u0105dotw\u00f3rcze FIRMAN z AVR na benzyn\u0119 &#8211; jest to najlepszy wyb\u00f3r je\u015bli chodzi o dostarczanie pr\u0105du w miejsca gdzie ceniona jest cisza. Przeno\u015bny agregat inwertorowy pr\u0105dotw\u00f3rczy FIRMAN SPG1000i o mocy 1,0 \/ 0,9 kW z AVR charakteryzuje si\u0119 tym \u017ce jest por\u0119czny i mo\u017cemy go zabra\u0107 wsz\u0119dzie tam gdzie nie mamy dost\u0119pu [&hellip;]","og_url":"http:\/\/firman.com.pl\/index.php\/agregaty-pradotworcze\/przenosny-inwerterowy-agregat-pradotworczy-z-avr-firman-spg1000i\/","og_site_name":"FIRMAN - nagrzewnice powietrza i agregaty pr\u0105dotw\u00f3rcze","article_modified_time":"2021-08-29T20:05:58+00:00","og_image":[{"url":"http:\/\/firman.com.pl\/wp-content\/uploads\/2017\/09\/firman-spg1000i_4-150x150.png"}],"twitter_card":"summary","twitter_misc":{"Szacowany czas czytania":"2 minuty"},"schema":{"@context":"https:\/\/schema.org","@graph":[{"@type":"WebSite","@id":"https:\/\/firman.com.pl\/#website","url":"https:\/\/firman.com.pl\/","name":"FIRMAN - nagrzewnice powietrza i agregaty pr\u0105dotw\u00f3rcze","description":"","potentialAction":[{"@type":"SearchAction","target":{"@type":"EntryPoint","urlTemplate":"https:\/\/firman.com.pl\/?s={search_term_string}"},"query-input":"required name=search_term_string"}],"inLanguage":"pl-PL"},{"@type":"ImageObject","@id":"http:\/\/firman.com.pl\/index.php\/agregaty-pradotworcze\/przenosny-inwerterowy-agregat-pradotworczy-z-avr-firman-spg1000i\/#primaryimage","inLanguage":"pl-PL","url":"http:\/\/firman.com.pl\/wp-content\/uploads\/2017\/09\/Firman-SPG1000i-1.png","contentUrl":"http:\/\/firman.com.pl\/wp-content\/uploads\/2017\/09\/Firman-SPG1000i-1.png","width":480,"height":360},{"@type":"WebPage","@id":"http:\/\/firman.com.pl\/index.php\/agregaty-pradotworcze\/przenosny-inwerterowy-agregat-pradotworczy-z-avr-firman-spg1000i\/#webpage","url":"http:\/\/firman.com.pl\/index.php\/agregaty-pradotworcze\/przenosny-inwerterowy-agregat-pradotworczy-z-avr-firman-spg1000i\/","name":"Przeno\u015bny inwerterowy agregat pr\u0105dotw\u00f3rczy z AVR FIRMAN SPG1000i - FIRMAN - nagrzewnice powietrza i agregaty pr\u0105dotw\u00f3rcze","isPartOf":{"@id":"https:\/\/firman.com.pl\/#website"},"primaryImageOfPage":{"@id":"http:\/\/firman.com.pl\/index.php\/agregaty-pradotworcze\/przenosny-inwerterowy-agregat-pradotworczy-z-avr-firman-spg1000i\/#primaryimage"},"datePublished":"2017-09-08T12:43:06+00:00","dateModified":"2021-08-29T20:05:58+00:00","breadcrumb":{"@id":"http:\/\/firman.com.pl\/index.php\/agregaty-pradotworcze\/przenosny-inwerterowy-agregat-pradotworczy-z-avr-firman-spg1000i\/#breadcrumb"},"inLanguage":"pl-PL","potentialAction":[{"@type":"ReadAction","target":["http:\/\/firman.com.pl\/index.php\/agregaty-pradotworcze\/przenosny-inwerterowy-agregat-pradotworczy-z-avr-firman-spg1000i\/"]}]},{"@type":"BreadcrumbList","@id":"http:\/\/firman.com.pl\/index.php\/agregaty-pradotworcze\/przenosny-inwerterowy-agregat-pradotworczy-z-avr-firman-spg1000i\/#breadcrumb","itemListElement":[{"@type":"ListItem","position":1,"name":"Strona g\u0142\u00f3wna","item":"https:\/\/firman.com.pl\/"},{"@type":"ListItem","position":2,"name":"Przeno\u015bne, ciche - tylko 59dB agregaty pr\u0105dotw\u00f3rcze Firman SPG 1000i (1kW) i Firman SPG 2000i (2kW)","item":"http:\/\/firman.com.pl\/index.php\/agregaty-pradotworcze\/"},{"@type":"ListItem","position":3,"name":"Przeno\u015bny inwerterowy agregat pr\u0105dotw\u00f3rczy z AVR FIRMAN SPG1000i"}]}]}},"_links":{"self":[{"href":"http:\/\/firman.com.pl\/index.php\/wp-json\/wp\/v2\/pages\/253"}],"collection":[{"href":"http:\/\/firman.com.pl\/index.php\/wp-json\/wp\/v2\/pages"}],"about":[{"href":"http:\/\/firman.com.pl\/index.php\/wp-json\/wp\/v2\/types\/page"}],"author":[{"embeddable":true,"href":"http:\/\/firman.com.pl\/index.php\/wp-json\/wp\/v2\/users\/2"}],"replies":[{"embeddable":true,"href":"http:\/\/firman.com.pl\/index.php\/wp-json\/wp\/v2\/comments?post=253"}],"version-history":[{"count":11,"href":"http:\/\/firman.com.pl\/index.php\/wp-json\/wp\/v2\/pages\/253\/revisions"}],"predecessor-version":[{"id":476,"href":"http:\/\/firman.com.pl\/index.php\/wp-json\/wp\/v2\/pages\/253\/revisions\/476"}],"up":[{"embeddable":true,"href":"http:\/\/firman.com.pl\/index.php\/wp-json\/wp\/v2\/pages\/34"}],"wp:attachment":[{"href":"http:\/\/firman.com.pl\/index.php\/wp-json\/wp\/v2\/media?parent=253"}],"curies":[{"name":"wp","href":"https:\/\/api.w.org\/{rel}","templated":true}]}}