{"id":135,"date":"2017-09-06T12:29:56","date_gmt":"2017-09-06T10:29:56","guid":{"rendered":"http:\/\/firman.com.pl\/?page_id=135"},"modified":"2017-10-03T16:36:40","modified_gmt":"2017-10-03T14:36:40","slug":"glowna","status":"publish","type":"page","link":"https:\/\/firman.com.pl\/","title":{"rendered":"STRONA G\u0141\u00d3WNA"},"content":{"rendered":"<h3>FIRMAN &#8211; nagrzewnice powietrza i agregaty pr\u0105dotw\u00f3rcze<\/h3>\n<p>Rewelacyjnie wyposa\u017cone cztery modele nagrzewnic powietrza olejowych FIRMAN o typoszeregu mocy grzewczej: <strong>20.3 kW, 32.1kW, 40.5kW, 55.8kW<\/strong>.\u00a0 Nagrzewnice powietrza olejowe Firman s\u0105 obecnie najlepiej wyposa\u017cone na polskim rynku, a przy tym s\u0105 tanie i niezawodne.<\/p>\n<p>Dmuchawy powietrza\u00a0 Firman maj\u0105 regulowany termostat, wy\u015bwietlacz temperatury, dwa uchwyty transportowe, wska\u017anik paliwa, korek wlewu paliwa zabezpieczony \u0142a\u0144cuszkiem przed zagubieniem, \u015brub\u0119 regulacyjn\u0105 na pompie. <u>Wszystkie modele poza przeno\u015bnym Firman F-2000 DH maj\u0105 du\u017ce i szerokie ko\u0142a u\u0142atwiaj\u0105ce transport dmuchawy<\/u>. Bardzo niska awaryjno\u015b\u0107 i dost\u0119pne cz\u0119\u015bci zamienne powoduj\u0105, \u017ce s\u0105 to poza nagrzewnicami XARAM Energy (maj\u0105 dodatkowo wy\u015bwietlacz b\u0142\u0119du w razie awarii) nagrzewnice o najlepszym stosunku ceny do jako\u015bci w Polsce.<\/p>\n<p>Zastosowanie nagrzewnicy olejowej FIRMAN:<br \/>\n&#8211; ogrzewanie warsztat\u00f3w<br \/>\n&#8211; ogrzewanie teren\u00f3w budowy<br \/>\n&#8211; ogrzewanie hal i magazyn\u00f3w<br \/>\n&#8211; ogrzewanie obszar\u00f3w rolnych<br \/>\n&#8211; do suszenia betonu<\/p>\n<p>Uzupe\u0142nieniem rodziny nagrzewnic Firman s\u0105 dwa modele przeno\u015bnych i bardzo cichych agregat\u00f3w pr\u0105dotw\u00f3rczych inwerterowych z AVR i z Ecotronic:\u00a0 <strong>Firman SPG 1000i<\/strong> o mocy 1000 W, oraz agregat pr\u0105dotw\u00f3rczy <strong>Firman SPG2000i<\/strong> o mocy 2000 W.<\/p>\n<p>Jako\u015b\u0107 i wykonanie urz\u0105dze\u0144 jest znakomite. Awaryjno\u015b\u0107 urz\u0105dze\u0144 Firman jest bardzo niewielka. Wiele usterek w nagrzewnicach mobilnych s\u0105 likwidowane na odleg\u0142o\u015b\u0107 przez konsultacje z Serwisem Centralnym w Krakowie. Informacje przekazane przez u\u017cytkownika, jak podanie kodu b\u0142\u0119du wy\u015bwietlonego na wy\u015bwietlaczu elektronicznym nagrzewnicy pozwala na diagnoz\u0119 usterki i jej natychmiastow\u0105 likwidacje przez u\u017cytkownika. G\u0142\u00f3wnymi przyczynami awarii urz\u0105dze\u0144 s\u0105 mianowicie zabrudzenie linii paliwowej np. przez wydzielon\u0105 przez mr\u00f3z parafin\u0119, zabrudzenie fotoelementu lub rozregulowywanie pompy olejowej przez pracownik\u00f3w.<\/p>\n<p>&nbsp;<\/p>\n<p>&nbsp;<\/p>\n","protected":false},"excerpt":{"rendered":"<p>FIRMAN &#8211; nagrzewnice powietrza i agregaty pr\u0105dotw\u00f3rcze Rewelacyjnie wyposa\u017cone cztery modele nagrzewnic powietrza olejowych FIRMAN o typoszeregu mocy grzewczej: 20.3 kW, 32.1kW, 40.5kW, 55.8kW.\u00a0 Nagrzewnice powietrza olejowe Firman s\u0105 obecnie najlepiej wyposa\u017cone na polskim rynku, a przy tym s\u0105 tanie i niezawodne. Dmuchawy powietrza\u00a0 Firman maj\u0105 regulowany termostat, wy\u015bwietlacz temperatury, dwa uchwyty transportowe, wska\u017anik paliwa, [&hellip;]<\/p>\n","protected":false},"author":2,"featured_media":0,"parent":0,"menu_order":0,"comment_status":"closed","ping_status":"closed","template":"","meta":[],"yoast_head":"<!-- This site is optimized with the Yoast SEO plugin v17.0 - https:\/\/yoast.com\/wordpress\/plugins\/seo\/ -->\n<title>STRONA G\u0141\u00d3WNA - FIRMAN - nagrzewnice powietrza i agregaty pr\u0105dotw\u00f3rcze<\/title>\n<meta name=\"robots\" content=\"index, follow, max-snippet:-1, max-image-preview:large, max-video-preview:-1\" \/>\n<link rel=\"canonical\" href=\"http:\/\/firman.com.pl\/\" \/>\n<meta property=\"og:locale\" content=\"pl_PL\" \/>\n<meta property=\"og:type\" content=\"article\" \/>\n<meta property=\"og:title\" content=\"STRONA G\u0141\u00d3WNA - FIRMAN - nagrzewnice powietrza i agregaty pr\u0105dotw\u00f3rcze\" \/>\n<meta property=\"og:description\" content=\"FIRMAN &#8211; nagrzewnice powietrza i agregaty pr\u0105dotw\u00f3rcze Rewelacyjnie wyposa\u017cone cztery modele nagrzewnic powietrza olejowych FIRMAN o typoszeregu mocy grzewczej: 20.3 kW, 32.1kW, 40.5kW, 55.8kW.\u00a0 Nagrzewnice powietrza olejowe Firman s\u0105 obecnie najlepiej wyposa\u017cone na polskim rynku, a przy tym s\u0105 tanie i niezawodne. Dmuchawy powietrza\u00a0 Firman maj\u0105 regulowany termostat, wy\u015bwietlacz temperatury, dwa uchwyty transportowe, wska\u017anik paliwa, [&hellip;]\" \/>\n<meta property=\"og:url\" content=\"http:\/\/firman.com.pl\/\" \/>\n<meta property=\"og:site_name\" content=\"FIRMAN - nagrzewnice powietrza i agregaty pr\u0105dotw\u00f3rcze\" \/>\n<meta property=\"article:modified_time\" content=\"2017-10-03T14:36:40+00:00\" \/>\n<meta name=\"twitter:card\" content=\"summary\" \/>\n<meta name=\"twitter:label1\" content=\"Szacowany czas czytania\" \/>\n\t<meta name=\"twitter:data1\" content=\"1 minuta\" \/>\n<script type=\"application\/ld+json\" class=\"yoast-schema-graph\">{\"@context\":\"https:\/\/schema.org\",\"@graph\":[{\"@type\":\"WebSite\",\"@id\":\"http:\/\/firman.com.pl\/#website\",\"url\":\"http:\/\/firman.com.pl\/\",\"name\":\"FIRMAN - nagrzewnice powietrza i agregaty pr\\u0105dotw\\u00f3rcze\",\"description\":\"\",\"potentialAction\":[{\"@type\":\"SearchAction\",\"target\":{\"@type\":\"EntryPoint\",\"urlTemplate\":\"http:\/\/firman.com.pl\/?s={search_term_string}\"},\"query-input\":\"required name=search_term_string\"}],\"inLanguage\":\"pl-PL\"},{\"@type\":\"WebPage\",\"@id\":\"http:\/\/firman.com.pl\/#webpage\",\"url\":\"http:\/\/firman.com.pl\/\",\"name\":\"STRONA G\\u0141\\u00d3WNA - FIRMAN - nagrzewnice powietrza i agregaty pr\\u0105dotw\\u00f3rcze\",\"isPartOf\":{\"@id\":\"http:\/\/firman.com.pl\/#website\"},\"datePublished\":\"2017-09-06T10:29:56+00:00\",\"dateModified\":\"2017-10-03T14:36:40+00:00\",\"breadcrumb\":{\"@id\":\"http:\/\/firman.com.pl\/#breadcrumb\"},\"inLanguage\":\"pl-PL\",\"potentialAction\":[{\"@type\":\"ReadAction\",\"target\":[\"http:\/\/firman.com.pl\/\"]}]},{\"@type\":\"BreadcrumbList\",\"@id\":\"http:\/\/firman.com.pl\/#breadcrumb\",\"itemListElement\":[{\"@type\":\"ListItem\",\"position\":1,\"name\":\"Strona g\\u0142\\u00f3wna\",\"item\":\"http:\/\/firman.com.pl\/\"},{\"@type\":\"ListItem\",\"position\":2,\"name\":\"STRONA G\\u0141\\u00d3WNA\"}]}]}<\/script>\n<!-- \/ Yoast SEO plugin. -->","yoast_head_json":{"title":"STRONA G\u0141\u00d3WNA - FIRMAN - nagrzewnice powietrza i agregaty pr\u0105dotw\u00f3rcze","robots":{"index":"index","follow":"follow","max-snippet":"max-snippet:-1","max-image-preview":"max-image-preview:large","max-video-preview":"max-video-preview:-1"},"canonical":"http:\/\/firman.com.pl\/","og_locale":"pl_PL","og_type":"article","og_title":"STRONA G\u0141\u00d3WNA - FIRMAN - nagrzewnice powietrza i agregaty pr\u0105dotw\u00f3rcze","og_description":"FIRMAN &#8211; nagrzewnice powietrza i agregaty pr\u0105dotw\u00f3rcze Rewelacyjnie wyposa\u017cone cztery modele nagrzewnic powietrza olejowych FIRMAN o typoszeregu mocy grzewczej: 20.3 kW, 32.1kW, 40.5kW, 55.8kW.\u00a0 Nagrzewnice powietrza olejowe Firman s\u0105 obecnie najlepiej wyposa\u017cone na polskim rynku, a przy tym s\u0105 tanie i niezawodne. Dmuchawy powietrza\u00a0 Firman maj\u0105 regulowany termostat, wy\u015bwietlacz temperatury, dwa uchwyty transportowe, wska\u017anik paliwa, [&hellip;]","og_url":"http:\/\/firman.com.pl\/","og_site_name":"FIRMAN - nagrzewnice powietrza i agregaty pr\u0105dotw\u00f3rcze","article_modified_time":"2017-10-03T14:36:40+00:00","twitter_card":"summary","twitter_misc":{"Szacowany czas czytania":"1 minuta"},"schema":{"@context":"https:\/\/schema.org","@graph":[{"@type":"WebSite","@id":"http:\/\/firman.com.pl\/#website","url":"http:\/\/firman.com.pl\/","name":"FIRMAN - nagrzewnice powietrza i agregaty pr\u0105dotw\u00f3rcze","description":"","potentialAction":[{"@type":"SearchAction","target":{"@type":"EntryPoint","urlTemplate":"http:\/\/firman.com.pl\/?s={search_term_string}"},"query-input":"required name=search_term_string"}],"inLanguage":"pl-PL"},{"@type":"WebPage","@id":"http:\/\/firman.com.pl\/#webpage","url":"http:\/\/firman.com.pl\/","name":"STRONA G\u0141\u00d3WNA - FIRMAN - nagrzewnice powietrza i agregaty pr\u0105dotw\u00f3rcze","isPartOf":{"@id":"http:\/\/firman.com.pl\/#website"},"datePublished":"2017-09-06T10:29:56+00:00","dateModified":"2017-10-03T14:36:40+00:00","breadcrumb":{"@id":"http:\/\/firman.com.pl\/#breadcrumb"},"inLanguage":"pl-PL","potentialAction":[{"@type":"ReadAction","target":["http:\/\/firman.com.pl\/"]}]},{"@type":"BreadcrumbList","@id":"http:\/\/firman.com.pl\/#breadcrumb","itemListElement":[{"@type":"ListItem","position":1,"name":"Strona g\u0142\u00f3wna","item":"http:\/\/firman.com.pl\/"},{"@type":"ListItem","position":2,"name":"STRONA G\u0141\u00d3WNA"}]}]}},"_links":{"self":[{"href":"https:\/\/firman.com.pl\/index.php\/wp-json\/wp\/v2\/pages\/135"}],"collection":[{"href":"https:\/\/firman.com.pl\/index.php\/wp-json\/wp\/v2\/pages"}],"about":[{"href":"https:\/\/firman.com.pl\/index.php\/wp-json\/wp\/v2\/types\/page"}],"author":[{"embeddable":true,"href":"https:\/\/firman.com.pl\/index.php\/wp-json\/wp\/v2\/users\/2"}],"replies":[{"embeddable":true,"href":"https:\/\/firman.com.pl\/index.php\/wp-json\/wp\/v2\/comments?post=135"}],"version-history":[{"count":7,"href":"https:\/\/firman.com.pl\/index.php\/wp-json\/wp\/v2\/pages\/135\/revisions"}],"predecessor-version":[{"id":389,"href":"https:\/\/firman.com.pl\/index.php\/wp-json\/wp\/v2\/pages\/135\/revisions\/389"}],"wp:attachment":[{"href":"https:\/\/firman.com.pl\/index.php\/wp-json\/wp\/v2\/media?parent=135"}],"curies":[{"name":"wp","href":"https:\/\/api.w.org\/{rel}","templated":true}]}}