{"id":391,"date":"2018-05-04T08:42:31","date_gmt":"2018-05-04T06:42:31","guid":{"rendered":"http:\/\/firman.com.pl\/?page_id=391"},"modified":"2018-05-04T08:42:31","modified_gmt":"2018-05-04T06:42:31","slug":"pozostale-produkty","status":"publish","type":"page","link":"https:\/\/firman.com.pl\/index.php\/pozostale-produkty\/","title":{"rendered":"POZOSTA\u0141E PRODUKTY"},"content":{"rendered":"<p>&nbsp;<\/p>\n<table>\n<tbody>\n<tr>\n<td><img loading=\"lazy\" class=\"size-medium wp-image-241 aligncenter\" src=\"http:\/\/kerona.pl\/wp-content\/uploads\/2018\/05\/xaram_energy-300x83.png\" alt=\"\" width=\"300\" height=\"83\" \/><\/td>\n<td style=\"text-align: center;\"><strong>XARAM Energy <\/strong>&#8211; nagrzewnice powietrza olejowe oraz elektryczne, parasole grzewcze, elektroniczne deski bidetowe<\/td>\n<td><a href=\"http:\/\/xaram.pl\"><img loading=\"lazy\" class=\"aligncenter size-full wp-image-125\" src=\"http:\/\/xaram.pl\/wp-content\/uploads\/2017\/06\/zobacz.png\" alt=\"\" width=\"100\" height=\"41\" \/><\/a><\/td>\n<\/tr>\n<tr>\n<td><img loading=\"lazy\" class=\"aligncenter size-medium wp-image-392\" src=\"http:\/\/firman.com.pl\/wp-content\/uploads\/2018\/05\/kerona-300x68.png\" alt=\"\" width=\"300\" height=\"68\" srcset=\"https:\/\/firman.com.pl\/wp-content\/uploads\/2018\/05\/kerona-300x68.png 300w, https:\/\/firman.com.pl\/wp-content\/uploads\/2018\/05\/kerona.png 621w\" sizes=\"(max-width: 300px) 100vw, 300px\" \/><\/td>\n<td style=\"text-align: center;\"><strong>KERONA <\/strong>&#8211; nagrzewnice powietrza olejowe<\/td>\n<td><a href=\"http:\/\/kerona.pl\"><img loading=\"lazy\" class=\"aligncenter size-full wp-image-125\" src=\"http:\/\/xaram.pl\/wp-content\/uploads\/2017\/06\/zobacz.png\" alt=\"\" width=\"100\" height=\"41\" \/><\/a><\/td>\n<\/tr>\n<tr>\n<td><img loading=\"lazy\" class=\"aligncenter wp-image-1002\" src=\"http:\/\/xaram.pl\/wp-content\/uploads\/2018\/05\/XIME-300x120.png\" alt=\"\" width=\"200\" height=\"80\" \/><\/td>\n<td style=\"text-align: center;\"><strong>XIME <\/strong>&#8211; elektroniczne deski bidetowe<\/td>\n<td><a href=\"http:\/\/elektroniczne-bidety.pl\/produkty\/elektroniczne-bidety-xime\/\"><img loading=\"lazy\" class=\"aligncenter size-full wp-image-125\" src=\"http:\/\/xaram.pl\/wp-content\/uploads\/2017\/06\/zobacz.png\" alt=\"\" width=\"100\" height=\"41\" \/><\/a><\/td>\n<\/tr>\n<tr>\n<td><img loading=\"lazy\" class=\"aligncenter wp-image-1003\" src=\"http:\/\/xaram.pl\/wp-content\/uploads\/2018\/05\/fine_korea-300x193.png\" alt=\"\" width=\"160\" height=\"103\" \/><\/td>\n<td style=\"text-align: center;\"><strong> FINE KOREA <\/strong>&#8211; samoreguluj\u0105ce kable grzewcze<\/td>\n<td><a href=\"http:\/\/samoregulujace-kable-grzewcze.pl\/\"><img loading=\"lazy\" class=\"aligncenter size-full wp-image-125\" src=\"http:\/\/xaram.pl\/wp-content\/uploads\/2017\/06\/zobacz.png\" alt=\"\" width=\"100\" height=\"41\" \/><\/a><\/td>\n<\/tr>\n<\/tbody>\n<\/table>\n<p>&nbsp;<\/p>\n","protected":false},"excerpt":{"rendered":"<p>&nbsp; XARAM Energy &#8211; nagrzewnice powietrza olejowe oraz elektryczne, parasole grzewcze, elektroniczne deski bidetowe KERONA &#8211; nagrzewnice powietrza olejowe XIME &#8211; elektroniczne deski bidetowe FINE KOREA &#8211; samoreguluj\u0105ce kable grzewcze &nbsp;<\/p>\n","protected":false},"author":1,"featured_media":0,"parent":0,"menu_order":0,"comment_status":"closed","ping_status":"closed","template":"","meta":[],"yoast_head":"<!-- This site is optimized with the Yoast SEO plugin v17.0 - https:\/\/yoast.com\/wordpress\/plugins\/seo\/ -->\n<title>POZOSTA\u0141E PRODUKTY - FIRMAN - nagrzewnice powietrza i agregaty pr\u0105dotw\u00f3rcze<\/title>\n<meta name=\"robots\" content=\"index, follow, max-snippet:-1, max-image-preview:large, max-video-preview:-1\" \/>\n<link rel=\"canonical\" href=\"http:\/\/firman.com.pl\/index.php\/pozostale-produkty\/\" \/>\n<meta property=\"og:locale\" content=\"pl_PL\" \/>\n<meta property=\"og:type\" content=\"article\" \/>\n<meta property=\"og:title\" content=\"POZOSTA\u0141E PRODUKTY - FIRMAN - nagrzewnice powietrza i agregaty pr\u0105dotw\u00f3rcze\" \/>\n<meta property=\"og:description\" content=\"&nbsp; XARAM Energy &#8211; nagrzewnice powietrza olejowe oraz elektryczne, parasole grzewcze, elektroniczne deski bidetowe KERONA &#8211; nagrzewnice powietrza olejowe XIME &#8211; elektroniczne deski bidetowe FINE KOREA &#8211; samoreguluj\u0105ce kable grzewcze &nbsp;\" \/>\n<meta property=\"og:url\" content=\"http:\/\/firman.com.pl\/index.php\/pozostale-produkty\/\" \/>\n<meta property=\"og:site_name\" content=\"FIRMAN - nagrzewnice powietrza i agregaty pr\u0105dotw\u00f3rcze\" \/>\n<meta property=\"og:image\" content=\"http:\/\/kerona.pl\/wp-content\/uploads\/2018\/05\/xaram_energy-300x83.png\" \/>\n<meta name=\"twitter:card\" content=\"summary\" \/>\n<script type=\"application\/ld+json\" class=\"yoast-schema-graph\">{\"@context\":\"https:\/\/schema.org\",\"@graph\":[{\"@type\":\"WebSite\",\"@id\":\"https:\/\/firman.com.pl\/#website\",\"url\":\"https:\/\/firman.com.pl\/\",\"name\":\"FIRMAN - nagrzewnice powietrza i agregaty pr\\u0105dotw\\u00f3rcze\",\"description\":\"\",\"potentialAction\":[{\"@type\":\"SearchAction\",\"target\":{\"@type\":\"EntryPoint\",\"urlTemplate\":\"https:\/\/firman.com.pl\/?s={search_term_string}\"},\"query-input\":\"required name=search_term_string\"}],\"inLanguage\":\"pl-PL\"},{\"@type\":\"ImageObject\",\"@id\":\"http:\/\/firman.com.pl\/index.php\/pozostale-produkty\/#primaryimage\",\"inLanguage\":\"pl-PL\",\"url\":\"http:\/\/kerona.pl\/wp-content\/uploads\/2018\/05\/xaram_energy-300x83.png\",\"contentUrl\":\"http:\/\/kerona.pl\/wp-content\/uploads\/2018\/05\/xaram_energy-300x83.png\"},{\"@type\":\"WebPage\",\"@id\":\"http:\/\/firman.com.pl\/index.php\/pozostale-produkty\/#webpage\",\"url\":\"http:\/\/firman.com.pl\/index.php\/pozostale-produkty\/\",\"name\":\"POZOSTA\\u0141E PRODUKTY - FIRMAN - nagrzewnice powietrza i agregaty pr\\u0105dotw\\u00f3rcze\",\"isPartOf\":{\"@id\":\"https:\/\/firman.com.pl\/#website\"},\"primaryImageOfPage\":{\"@id\":\"http:\/\/firman.com.pl\/index.php\/pozostale-produkty\/#primaryimage\"},\"datePublished\":\"2018-05-04T06:42:31+00:00\",\"dateModified\":\"2018-05-04T06:42:31+00:00\",\"breadcrumb\":{\"@id\":\"http:\/\/firman.com.pl\/index.php\/pozostale-produkty\/#breadcrumb\"},\"inLanguage\":\"pl-PL\",\"potentialAction\":[{\"@type\":\"ReadAction\",\"target\":[\"http:\/\/firman.com.pl\/index.php\/pozostale-produkty\/\"]}]},{\"@type\":\"BreadcrumbList\",\"@id\":\"http:\/\/firman.com.pl\/index.php\/pozostale-produkty\/#breadcrumb\",\"itemListElement\":[{\"@type\":\"ListItem\",\"position\":1,\"name\":\"Strona g\\u0142\\u00f3wna\",\"item\":\"https:\/\/firman.com.pl\/\"},{\"@type\":\"ListItem\",\"position\":2,\"name\":\"POZOSTA\\u0141E PRODUKTY\"}]}]}<\/script>\n<!-- \/ Yoast SEO plugin. -->","yoast_head_json":{"title":"POZOSTA\u0141E PRODUKTY - FIRMAN - nagrzewnice powietrza i agregaty pr\u0105dotw\u00f3rcze","robots":{"index":"index","follow":"follow","max-snippet":"max-snippet:-1","max-image-preview":"max-image-preview:large","max-video-preview":"max-video-preview:-1"},"canonical":"http:\/\/firman.com.pl\/index.php\/pozostale-produkty\/","og_locale":"pl_PL","og_type":"article","og_title":"POZOSTA\u0141E PRODUKTY - FIRMAN - nagrzewnice powietrza i agregaty pr\u0105dotw\u00f3rcze","og_description":"&nbsp; XARAM Energy &#8211; nagrzewnice powietrza olejowe oraz elektryczne, parasole grzewcze, elektroniczne deski bidetowe KERONA &#8211; nagrzewnice powietrza olejowe XIME &#8211; elektroniczne deski bidetowe FINE KOREA &#8211; samoreguluj\u0105ce kable grzewcze &nbsp;","og_url":"http:\/\/firman.com.pl\/index.php\/pozostale-produkty\/","og_site_name":"FIRMAN - nagrzewnice powietrza i agregaty pr\u0105dotw\u00f3rcze","og_image":[{"url":"http:\/\/kerona.pl\/wp-content\/uploads\/2018\/05\/xaram_energy-300x83.png"}],"twitter_card":"summary","schema":{"@context":"https:\/\/schema.org","@graph":[{"@type":"WebSite","@id":"https:\/\/firman.com.pl\/#website","url":"https:\/\/firman.com.pl\/","name":"FIRMAN - nagrzewnice powietrza i agregaty pr\u0105dotw\u00f3rcze","description":"","potentialAction":[{"@type":"SearchAction","target":{"@type":"EntryPoint","urlTemplate":"https:\/\/firman.com.pl\/?s={search_term_string}"},"query-input":"required name=search_term_string"}],"inLanguage":"pl-PL"},{"@type":"ImageObject","@id":"http:\/\/firman.com.pl\/index.php\/pozostale-produkty\/#primaryimage","inLanguage":"pl-PL","url":"http:\/\/kerona.pl\/wp-content\/uploads\/2018\/05\/xaram_energy-300x83.png","contentUrl":"http:\/\/kerona.pl\/wp-content\/uploads\/2018\/05\/xaram_energy-300x83.png"},{"@type":"WebPage","@id":"http:\/\/firman.com.pl\/index.php\/pozostale-produkty\/#webpage","url":"http:\/\/firman.com.pl\/index.php\/pozostale-produkty\/","name":"POZOSTA\u0141E PRODUKTY - FIRMAN - nagrzewnice powietrza i agregaty pr\u0105dotw\u00f3rcze","isPartOf":{"@id":"https:\/\/firman.com.pl\/#website"},"primaryImageOfPage":{"@id":"http:\/\/firman.com.pl\/index.php\/pozostale-produkty\/#primaryimage"},"datePublished":"2018-05-04T06:42:31+00:00","dateModified":"2018-05-04T06:42:31+00:00","breadcrumb":{"@id":"http:\/\/firman.com.pl\/index.php\/pozostale-produkty\/#breadcrumb"},"inLanguage":"pl-PL","potentialAction":[{"@type":"ReadAction","target":["http:\/\/firman.com.pl\/index.php\/pozostale-produkty\/"]}]},{"@type":"BreadcrumbList","@id":"http:\/\/firman.com.pl\/index.php\/pozostale-produkty\/#breadcrumb","itemListElement":[{"@type":"ListItem","position":1,"name":"Strona g\u0142\u00f3wna","item":"https:\/\/firman.com.pl\/"},{"@type":"ListItem","position":2,"name":"POZOSTA\u0141E PRODUKTY"}]}]}},"_links":{"self":[{"href":"https:\/\/firman.com.pl\/index.php\/wp-json\/wp\/v2\/pages\/391"}],"collection":[{"href":"https:\/\/firman.com.pl\/index.php\/wp-json\/wp\/v2\/pages"}],"about":[{"href":"https:\/\/firman.com.pl\/index.php\/wp-json\/wp\/v2\/types\/page"}],"author":[{"embeddable":true,"href":"https:\/\/firman.com.pl\/index.php\/wp-json\/wp\/v2\/users\/1"}],"replies":[{"embeddable":true,"href":"https:\/\/firman.com.pl\/index.php\/wp-json\/wp\/v2\/comments?post=391"}],"version-history":[{"count":1,"href":"https:\/\/firman.com.pl\/index.php\/wp-json\/wp\/v2\/pages\/391\/revisions"}],"predecessor-version":[{"id":393,"href":"https:\/\/firman.com.pl\/index.php\/wp-json\/wp\/v2\/pages\/391\/revisions\/393"}],"wp:attachment":[{"href":"https:\/\/firman.com.pl\/index.php\/wp-json\/wp\/v2\/media?parent=391"}],"curies":[{"name":"wp","href":"https:\/\/api.w.org\/{rel}","templated":true}]}}